561 a prime number?
False
Is 5737003553 composite?
True
Is 214072223 a composite number?
True
Is 6412162219 a prime number?
False
Is 188772530731 a prime number?
True
Is 854494933 a composite number?
False
Is 109610171 prime?
False
Is 2722069303 composite?
True
Is 1930920583 a composite number?
False
Is 208405163 a composite number?
False
Is 120776587 composite?
False
Is 1114595593 a prime number?
True
Is 1005084559 a composite number?
True
Is 9588115241 a prime number?
True
Is 1800450283 composite?
False
Is 10964631961 prime?
False
Is 7806536107 a composite number?
False
Is 88032393973 prime?
False
Is 18054328901 prime?
False
Is 38150201101 prime?
True
Is 766738099 prime?
False
Is 1345674131 prime?
True
Is 725657263 a prime number?
True
Is 75626439439 prime?
False
Is 562474621 a prime number?
True
Is 5938141409 prime?
False
Is 2381270429 prime?
True
Is 58285653 composite?
True
Is 27388475587 prime?
False
Is 1620716023 a composite number?
False
Is 196730587 a composite number?
True
Is 3664245089 prime?
True
Is 236356951 a composite number?
False
Is 74942713477 prime?
True
Is 664161077 prime?
True
Is 2924054873 a prime number?
False
Is 4748702663 composite?
True
Is 3583328557 prime?
True
Is 530665237 prime?
True
Is 5942428313 composite?
False
Is 5355816161 composite?
True
Is 10471524377 prime?
False
Is 1907050801 prime?
False
Is 216581447 a prime number?
True
Is 491662531 composite?
False
Is 2194046807 composite?
True
Is 8653570697 prime?
True
Is 35572495459 a composite number?
True
Is 892360877 a prime number?
False
Is 922506253 a composite number?
False
Is 3484581803 prime?
True
Is 2166627233 composite?
True
Is 70835644411 a prime number?
False
Is 20273453527 a prime number?
False
Is 169090561 a prime number?
False
Is 117809047 a composite number?
False
Is 38700003971 prime?
False
Is 9642208519 prime?
False
Is 16601693521 a prime number?
False
Is 264928471 a prime number?
False
Is 65757092333 prime?
True
Is 41663745829 prime?
False
Is 137452471 prime?
False
Is 5845122359 a prime number?
False
Is 25172405629 a composite number?
True
Is 179369661 a composite number?
True
Is 19653975521 composite?
False
Is 43961240651 prime?
False
Is 81831478 a prime number?
False
Is 66585915779 a composite number?
True
Is 4855349 a prime number?
False
Is 2506151173 a composite number?
True
Is 652742722 a composite number?
True
Is 220265861 composite?
False
Is 19673397637 prime?
False
Is 136212593533 prime?
True
Is 2230882747 prime?
True
Is 10193206357 composite?
True
Is 114296639 composite?
False
Is 482935349 prime?
False
Is 90251057031 prime?
False
Is 760709069 a composite number?
False
Is 23084374837 prime?
False
Is 10534450807 a composite number?
False
Is 590432363 a composite number?
False
Is 1379239619 composite?
True
Is 3689141633 a composite number?
True
Is 855763943 composite?
False
Is 18152965799 a composite number?
False
Is 8666328653 composite?
True
Is 646022327 a prime number?
True
Is 351756833 a prime number?
True
Is 3639816203 composite?
True
Is 12538709629 composite?
True
Is 447987361 a prime number?
False
Is 35608559563 composite?
False
Is 108002261 a composite number?
True
Is 65313593 a prime number?
True
Is 38816521241 prime?
True
Is 30181265843 composite?
True
Is 2072551817 composite?
True
Is 256430995 a composite number?
True
Is 19833822223 composite?
False
Is 4870766521 a prime number?
True
Is 37738873163 prime?
True
Is 1250630897 a composite number?
False
Is 2219645629 a prime number?
True
Is 1051023137 prime?
True
Is 48283482083 prime?
True
Is 13850613409 prime?
False
Is 1767457529 prime?
False
Is 3621288577 composite?
False
Is 88838977289 a prime number?
True
Is 20165018017 prime?
True
Is 7108121663 a composite number?
False
Is 7338720901 a composite number?
True
Is 11356170845 a prime number?
False
Is 3525822497 a prime number?
False
Is 60981264917 a composite number?
False
Is 56866812467 prime?
True
Is 169981901483 a composite number?
False
Is 5813602579 a prime number?
True
Is 265579367 a prime number?
False
Is 3191511899 composite?
False
Is 2261031101 a prime number?
False
Is 1725547069 prime?
True
Is 128083795687 composite?
True
Is 861598847 prime?
False
Is 736087567 composite?
False
Is 47869590127 composite?
False
Is 703098619 prime?
True
Is 4481253977 a composite number?
False
Is 64935810101 a prime number?
False
Is 347905109 a prime number?
False
Is 255570683 a composite number?
False
Is 1314503713 composite?
False
Is 327767131 composite?
False
Is 806562041 composite?
True
Is 3166680073 prime?
True
Is 5126083827 prime?
False
Is 3486804326 prime?
False
Is 3770255917 a prime number?
False
Is 13713109 a composite number?
True
Is 374706611 a prime number?
False
Is 18910812707 a prime number?
False
Is 783161543 a prime number?
False
Is 130324471687 composite?
False
Is 10523677249 a prime number?
False
Is 309244629 composite?
True
Is 3713867315 a prime number?
False
Is 1585069991 a composite number?
False
Is 1988087479 composite?
True
Is 376944329 prime?
False
Is 1836009619 a prime number?
False
Is 1931342321 a prime number?
False
Is 44582919103 composite?
False
Is 451671567 prime?
False
Is 18409133681 a composite number?
False
Is 279380951 composite?
False
Is 258018221 a prime number?
True
Is 1242599 prime?
False
Is 928022057 a composite number?
False
Is 63493182223 a composite number?
False
Is 10917352879 prime?
False
Is 7567763611 a prime number?
False
Is 804663715 prime?
False
Is 2469426578 composite?
True
Is 6332299921 composite?
True
Is 618961919 composite?
True
Is 465281611 composite?
True
Is 1514479931 composite?
True
Is 2888122321 prime?
False
Is 69191204743 a prime number?
False
Is 36894031 a composite number?
True
Is 236385739 prime?
True
Is 1302140087 prime?
True
Is 19499644067 a prime number?
False
Is 764837669 a composite number?
False
Is 103036422766 prime?
False
Is 2006916563 composite?
True
Is 1106887843 a prime number?
False
Is 751375693 composite?
False
Is 3825381421 prime?
True
Is 2105761571 prime?
False
Is 11971839279 composite?
True
Is 30242438449 composite?
False
Is 8830099097 a prime number?
True
Is 48748824149 composite?
False
Is 642077133155 composite?
True
Is 6841524381 a prime number?
False
Is 131798519 a composite number?
False
Is 45482253017 prime?
False
Is 2353066007 prime?
True
Is 140966047 prime?
False
Is 17005806203 a prime number?
True
Is 517339939 a composite number?
True
Is 24744817 prime?
True
Is 75134533349 a prime number?
True
Is 364728421 a prime number?
False
Is 1364754259 a prime number?
False
Is 12379378841 a composite number?
False
Is 4399744733 composite?
False
Is 904601107 a prime number?
True
Is 61231253053 a prime number?
True
Is 22734663353 a composite number?
False
Is 51590449255 a prime number?
False
Is 25401435253 composite?
True
Is 24207282674 a composite number?
True
Is 28649457989 a prime number?
False
Is 98808547 composite?
False
Is 607030553 a prime number?
True
Is 10255178567 a composite number?
True
Is 56599507 composite?
True
Is 6687092581 composite?
True
Is 8167947731 a prime number?
True
Is 106960523171 a composite number?
False
Is 5757030322 a composite number?
True
Is 14734355117 prime?
True
Is 1937823739 prime?
True
Is 3154165439 a prime number?
True
Is 8675133941 a composite number?
False
Is 4555837037 prime?
False
Is 133806727 a prime number?
True
Is 6626603771 a composite number?
True
Is 16001389 composite?
True
Is 477783583 composite?
False
Is 29237388221 prime?
False
Is 20913891017 a prime number?
True
Is 406027931 a composite number?
False
Is 1138959463 a composite number?
True
Is 210878341 a prime number?
True
Is 144977109149 a prime number?
True
Is 1046889017 composite?
False
Is 111949998073 prime?
True
Is 60839712317 a composite number?
True
Is 57294762661 composite?
False
Is 26310675947 a composite number?
True
Is 34779707 a composite number?
False
Is 3588986449 composite?
False
Is 1450528829 a composite number?
False
Is 13549345939 a composite number?
True
Is 548900189 prime?
True
Is 35828546113 composite?
False
Is 2660417 a composite number?
False
Is 11474086901 prime?
False
Is 8401891769 prime?
False
Is 21769454626 a prime number?
False
Is 38525798678 prime?
False
Is 82039014521 composite?
False
Is 4461324981 composite?
True
Is 186339107 composite?
True